{"id":4631,"date":"2026-02-05T15:32:51","date_gmt":"2026-02-05T18:32:51","guid":{"rendered":"https:\/\/equipdiagnostica.com.br\/global\/?page_id=4631"},"modified":"2026-02-05T15:50:50","modified_gmt":"2026-02-05T18:50:50","slug":"sobre-a-equip","status":"publish","type":"page","link":"https:\/\/equipdiagnostica.com.br\/global\/sobre-a-equip\/","title":{"rendered":"Sobre a Equip"},"content":{"rendered":"\t\t<div data-elementor-type=\"wp-page\" data-elementor-id=\"4631\" class=\"elementor elementor-4631\" data-elementor-post-type=\"page\">\n\t\t\t\t\t\t<section class=\"elementor-section elementor-top-section elementor-element elementor-element-b891aac elementor-section-boxed elementor-section-height-default elementor-section-height-default\" data-id=\"b891aac\" data-element_type=\"section\" data-settings=\"{&quot;jet_parallax_layout_list&quot;:[]}\">\n\t\t\t\t\t\t<div class=\"elementor-container elementor-column-gap-default\">\n\t\t\t\t\t<div class=\"elementor-column elementor-col-100 elementor-top-column elementor-element elementor-element-face7ef\" data-id=\"face7ef\" data-element_type=\"column\">\n\t\t\t<div class=\"elementor-widget-wrap elementor-element-populated\">\n\t\t\t\t\t\t<div class=\"elementor-element elementor-element-1daa627 elementor-widget elementor-widget-heading\" data-id=\"1daa627\" data-element_type=\"widget\" data-widget_type=\"heading.default\">\n\t\t\t\t<div class=\"elementor-widget-container\">\n\t\t\t<h2 class=\"elementor-heading-title elementor-size-default\">Sobre a Equip<\/h2>\t\t<\/div>\n\t\t\t\t<\/div>\n\t\t\t\t<div class=\"elementor-element elementor-element-2ef4444 elementor-widget elementor-widget-text-editor\" data-id=\"2ef4444\" data-element_type=\"widget\" data-widget_type=\"text-editor.default\">\n\t\t\t\t<div class=\"elementor-widget-container\">\n\t\t\t\t\t\t\t<p data-start=\"0\" data-end=\"508\">A <strong data-start=\"2\" data-end=\"23\">Equip Diagn\u00f3stica<\/strong> \u00e9 uma empresa brasileira focada em <strong data-start=\"59\" data-end=\"120\">solu\u00e7\u00f5es completas para laborat\u00f3rios de an\u00e1lises cl\u00ednicas<\/strong>, conectando tecnologia, log\u00edstica e suporte especializado para garantir que cada opera\u00e7\u00e3o funcione com <strong data-start=\"224\" data-end=\"262\">precis\u00e3o, continuidade e seguran\u00e7a<\/strong>. Com presen\u00e7a e atendimento em <strong data-start=\"294\" data-end=\"324\">todo o territ\u00f3rio nacional<\/strong>, a Equip atua de forma estrat\u00e9gica para oferecer <strong data-start=\"374\" data-end=\"431\">agilidade, confiabilidade e excelente custo-benef\u00edcio<\/strong> \u2014 do fornecimento de insumos ao suporte t\u00e9cnico no dia a dia do laborat\u00f3rio.<\/p><p data-start=\"510\" data-end=\"1054\">No centro da nossa proposta est\u00e1 uma vis\u00e3o clara: <strong data-start=\"560\" data-end=\"590\">diagn\u00f3stico n\u00e3o pode parar<\/strong>. Por isso, estruturamos uma opera\u00e7\u00e3o pensada para atender com efici\u00eancia a rotina de laborat\u00f3rios, hospitais e cl\u00ednicas, com uma rede integrada de distribui\u00e7\u00e3o e parceiros que fortalece a cadeia log\u00edstica e reduz o tempo entre a necessidade e a entrega. A Equip opera a partir de bases estrat\u00e9gicas, como <strong data-start=\"896\" data-end=\"910\">Extrema\u2013MG<\/strong> e <strong data-start=\"913\" data-end=\"927\">Itatiba\u2013SP<\/strong>, otimizando rotas, ampliando capilaridade e garantindo um fluxo mais r\u00e1pido e seguro para pe\u00e7as, reagentes e itens essenciais.<\/p><p data-start=\"1056\" data-end=\"1631\">A Equip oferece uma <strong data-start=\"1076\" data-end=\"1122\">linha completa de equipamentos e reagentes<\/strong>, atendendo diferentes \u00e1reas e aplica\u00e7\u00f5es dentro do laborat\u00f3rio \u2014 com foco em performance, padroniza\u00e7\u00e3o e confiabilidade. Nossa atua\u00e7\u00e3o \u00e9 orientada por crit\u00e9rios t\u00e9cnicos e por um compromisso real com resultados, apoiando desde estruturas que buscam moderniza\u00e7\u00e3o at\u00e9 opera\u00e7\u00f5es que exigem alta escala e consist\u00eancia de processo. Isso inclui tamb\u00e9m parcerias estrat\u00e9gicas com fornecedores e marcas de refer\u00eancia, ampliando o acesso a tecnologias reconhecidas globalmente e refor\u00e7ando nosso padr\u00e3o de excel\u00eancia.<\/p><p data-start=\"1633\" data-end=\"2119\">Al\u00e9m do fornecimento, a Equip se diferencia pela estrutura de <strong data-start=\"1695\" data-end=\"1728\">suporte t\u00e9cnico especializado<\/strong>, com atendimento orientado \u00e0 solu\u00e7\u00e3o e \u00e0 continuidade do servi\u00e7o. A ideia \u00e9 simples: o cliente n\u00e3o precisa apenas comprar \u2014 precisa de um parceiro que <strong data-start=\"1880\" data-end=\"1912\">acompanhe, oriente e resolva<\/strong>. Por isso, nosso atendimento cobre tanto d\u00favidas operacionais quanto orienta\u00e7\u00f5es de uso, garantindo que cada produto entregue seja utilizado da forma correta, com o m\u00e1ximo de desempenho e o m\u00ednimo de risco.<\/p><p data-start=\"2121\" data-end=\"2563\">A Equip tamb\u00e9m mant\u00e9m um compromisso rigoroso com <strong data-start=\"2171\" data-end=\"2199\">seguran\u00e7a e conformidade<\/strong>, incluindo o atendimento relacionado \u00e0 <strong data-start=\"2239\" data-end=\"2290\">FDS (Ficha de Dados de Seguran\u00e7a), antiga FISPQ<\/strong>. Seguran\u00e7a n\u00e3o \u00e9 detalhe: \u00e9 parte da responsabilidade t\u00e9cnica. Por isso, garantimos suporte cont\u00ednuo para informa\u00e7\u00f5es de manuseio, armazenamento, preven\u00e7\u00e3o e resposta adequada a situa\u00e7\u00f5es de risco \u2014 com encaminhamento r\u00e1pido para o canal emergencial sempre que necess\u00e1rio.<\/p><p data-start=\"2565\" data-end=\"3031\" data-is-last-node=\"\" data-is-only-node=\"\">Em resumo, a Equip Diagn\u00f3stica \u00e9 mais do que uma fornecedora: \u00e9 uma estrutura que conecta <strong data-start=\"2655\" data-end=\"2726\">distribui\u00e7\u00e3o inteligente, tecnologia, suporte e cuidado operacional<\/strong> para impulsionar a efici\u00eancia do diagn\u00f3stico no Brasil. Onde existe demanda por precis\u00e3o, confian\u00e7a e agilidade, a Equip est\u00e1 pronta para entregar \u2014 com estrutura, presen\u00e7a, parceiros fortes e um compromisso constante com o que realmente importa: <strong data-start=\"2974\" data-end=\"3030\">a rotina do laborat\u00f3rio funcionando sem interrup\u00e7\u00f5es<\/strong>.<\/p>\t\t\t\t\t\t<\/div>\n\t\t\t\t<\/div>\n\t\t\t\t\t<\/div>\n\t\t<\/div>\n\t\t\t\t\t<\/div>\n\t\t<\/section>\n\t\t\t\t<\/div>\n\t\t","protected":false},"excerpt":{"rendered":"<p>Sobre a Equip A Equip Diagn\u00f3stica \u00e9 uma empresa brasileira focada em solu\u00e7\u00f5es completas para laborat\u00f3rios de an\u00e1lises cl\u00ednicas, conectando tecnologia, log\u00edstica e suporte especializado para garantir que cada opera\u00e7\u00e3o funcione com precis\u00e3o, continuidade e seguran\u00e7a. Com presen\u00e7a e atendimento em todo o territ\u00f3rio nacional, a Equip atua de forma estrat\u00e9gica para oferecer agilidade, confiabilidade&hellip;&nbsp;<a href=\"https:\/\/equipdiagnostica.com.br\/global\/sobre-a-equip\/\" class=\"\" rel=\"bookmark\">Continue a ler &raquo;<span class=\"screen-reader-text\">Sobre a Equip<\/span><\/a><\/p>\n","protected":false},"author":1,"featured_media":0,"parent":0,"menu_order":0,"comment_status":"closed","ping_status":"closed","template":"page-templates\/template-pagebuilder-full-width.php","meta":{"footnotes":""},"class_list":["post-4631","page","type-page","status-publish","hentry"],"_links":{"self":[{"href":"https:\/\/equipdiagnostica.com.br\/global\/wp-json\/wp\/v2\/pages\/4631","targetHints":{"allow":["GET"]}}],"collection":[{"href":"https:\/\/equipdiagnostica.com.br\/global\/wp-json\/wp\/v2\/pages"}],"about":[{"href":"https:\/\/equipdiagnostica.com.br\/global\/wp-json\/wp\/v2\/types\/page"}],"author":[{"embeddable":true,"href":"https:\/\/equipdiagnostica.com.br\/global\/wp-json\/wp\/v2\/users\/1"}],"replies":[{"embeddable":true,"href":"https:\/\/equipdiagnostica.com.br\/global\/wp-json\/wp\/v2\/comments?post=4631"}],"version-history":[{"count":7,"href":"https:\/\/equipdiagnostica.com.br\/global\/wp-json\/wp\/v2\/pages\/4631\/revisions"}],"predecessor-version":[{"id":4640,"href":"https:\/\/equipdiagnostica.com.br\/global\/wp-json\/wp\/v2\/pages\/4631\/revisions\/4640"}],"wp:attachment":[{"href":"https:\/\/equipdiagnostica.com.br\/global\/wp-json\/wp\/v2\/media?parent=4631"}],"curies":[{"name":"wp","href":"https:\/\/api.w.org\/{rel}","templated":true}]}}