{"id":445,"date":"2020-03-25T13:47:32","date_gmt":"2020-03-25T16:47:32","guid":{"rendered":"https:\/\/equipdiagnostica.com.br\/global\/?page_id=445"},"modified":"2025-08-29T16:49:37","modified_gmt":"2025-08-29T19:49:37","slug":"download","status":"publish","type":"page","link":"https:\/\/equipdiagnostica.com.br\/global\/download\/","title":{"rendered":"Download"},"content":{"rendered":"\t\t<div data-elementor-type=\"wp-page\" data-elementor-id=\"445\" class=\"elementor elementor-445\" data-elementor-post-type=\"page\">\n\t\t\t\t\t\t<section class=\"elementor-section elementor-top-section elementor-element elementor-element-7ae0143d elementor-section-stretched elementor-section-height-min-height elementor-section-boxed elementor-section-height-default elementor-section-items-middle\" data-id=\"7ae0143d\" data-element_type=\"section\" data-settings=\"{&quot;stretch_section&quot;:&quot;section-stretched&quot;,&quot;background_background&quot;:&quot;classic&quot;,&quot;jet_parallax_layout_list&quot;:[]}\">\n\t\t\t\t\t\t\t<div class=\"elementor-background-overlay\"><\/div>\n\t\t\t\t\t\t\t<div class=\"elementor-container elementor-column-gap-default\">\n\t\t\t\t\t<div class=\"elementor-column elementor-col-100 elementor-top-column elementor-element elementor-element-2d1525a7\" data-id=\"2d1525a7\" data-element_type=\"column\">\n\t\t\t<div class=\"elementor-widget-wrap elementor-element-populated\">\n\t\t\t\t\t\t<div class=\"elementor-element elementor-element-3a3087a9 elementor-widget elementor-widget-heading\" data-id=\"3a3087a9\" data-element_type=\"widget\" data-widget_type=\"heading.default\">\n\t\t\t\t<div class=\"elementor-widget-container\">\n\t\t\t<span class=\"elementor-heading-title elementor-size-default\">Downloads<\/span>\t\t<\/div>\n\t\t\t\t<\/div>\n\t\t\t\t\t<\/div>\n\t\t<\/div>\n\t\t\t\t\t<\/div>\n\t\t<\/section>\n\t\t\t\t<section class=\"elementor-section elementor-top-section elementor-element elementor-element-5c001b7 elementor-section-boxed elementor-section-height-default elementor-section-height-default\" data-id=\"5c001b7\" data-element_type=\"section\" data-settings=\"{&quot;jet_parallax_layout_list&quot;:[]}\">\n\t\t\t\t\t\t<div class=\"elementor-container elementor-column-gap-default\">\n\t\t\t\t\t<div class=\"elementor-column elementor-col-100 elementor-top-column elementor-element elementor-element-113f624\" data-id=\"113f624\" data-element_type=\"column\">\n\t\t\t<div class=\"elementor-widget-wrap elementor-element-populated\">\n\t\t\t\t\t\t<div class=\"elementor-element elementor-element-4a70c2a elementor-widget elementor-widget-heading\" data-id=\"4a70c2a\" data-element_type=\"widget\" data-widget_type=\"heading.default\">\n\t\t\t\t<div class=\"elementor-widget-container\">\n\t\t\t<h4 class=\"elementor-heading-title elementor-size-default\">Downloads de apresenta\u00e7\u00f5es de  Equipamentos<\/h4>\t\t<\/div>\n\t\t\t\t<\/div>\n\t\t\t\t\t<\/div>\n\t\t<\/div>\n\t\t\t\t\t<\/div>\n\t\t<\/section>\n\t\t\t\t<section class=\"elementor-section elementor-top-section elementor-element elementor-element-14a9730 elementor-section-boxed elementor-section-height-default elementor-section-height-default\" data-id=\"14a9730\" data-element_type=\"section\" data-settings=\"{&quot;background_background&quot;:&quot;classic&quot;,&quot;jet_parallax_layout_list&quot;:[]}\">\n\t\t\t\t\t\t<div class=\"elementor-container elementor-column-gap-wide\">\n\t\t\t\t\t<div class=\"elementor-column elementor-col-25 elementor-top-column elementor-element elementor-element-1f1153c\" data-id=\"1f1153c\" data-element_type=\"column\" data-settings=\"{&quot;background_background&quot;:&quot;classic&quot;}\">\n\t\t\t<div class=\"elementor-widget-wrap\">\n\t\t\t\t\t\t\t<\/div>\n\t\t<\/div>\n\t\t\t\t<div class=\"elementor-column elementor-col-25 elementor-top-column elementor-element elementor-element-46593c9\" data-id=\"46593c9\" data-element_type=\"column\" data-settings=\"{&quot;background_background&quot;:&quot;classic&quot;}\">\n\t\t\t<div class=\"elementor-widget-wrap elementor-element-populated\">\n\t\t\t\t\t\t<div class=\"elementor-element elementor-element-491eb22 elementor-widget elementor-widget-heading\" data-id=\"491eb22\" data-element_type=\"widget\" data-widget_type=\"heading.default\">\n\t\t\t\t<div class=\"elementor-widget-container\">\n\t\t\t<h5 class=\"elementor-heading-title elementor-size-default\"><a href=\"https:\/\/equipdiagnostica.com.br\/global\/wp-content\/uploads\/2020\/06\/z5digital_vertical_desktop-1.pdf\" target=\"_blank\">Apresenta\u00e7\u00e3o Equip Ion XI-921 para Desktop<\/a><\/h5>\t\t<\/div>\n\t\t\t\t<\/div>\n\t\t\t\t<div class=\"elementor-element elementor-element-d187b5b elementor-widget elementor-widget-image\" data-id=\"d187b5b\" data-element_type=\"widget\" data-widget_type=\"image.default\">\n\t\t\t\t<div class=\"elementor-widget-container\">\n\t\t\t\t\t\t\t\t\t\t\t\t\t\t<a href=\"https:\/\/equipdiagnostica.com.br\/global\/wp-content\/uploads\/2025\/01\/Folder-XI-921-ION_v2025.pdf\" target=\"_blank\">\n\t\t\t\t\t\t\t<img fetchpriority=\"high\" decoding=\"async\" width=\"1024\" height=\"683\" src=\"https:\/\/equipdiagnostica.com.br\/global\/wp-content\/uploads\/2020\/12\/pc-1024x683.jpg\" class=\"attachment-large size-large wp-image-1053\" alt=\"\" srcset=\"https:\/\/equipdiagnostica.com.br\/global\/wp-content\/uploads\/2020\/12\/pc-1024x683.jpg 1024w, https:\/\/equipdiagnostica.com.br\/global\/wp-content\/uploads\/2020\/12\/pc-300x200.jpg 300w, https:\/\/equipdiagnostica.com.br\/global\/wp-content\/uploads\/2020\/12\/pc-768x512.jpg 768w, https:\/\/equipdiagnostica.com.br\/global\/wp-content\/uploads\/2020\/12\/pc-1536x1024.jpg 1536w, https:\/\/equipdiagnostica.com.br\/global\/wp-content\/uploads\/2020\/12\/pc-930x620.jpg 930w, https:\/\/equipdiagnostica.com.br\/global\/wp-content\/uploads\/2020\/12\/pc.jpg 1920w\" sizes=\"(max-width: 1024px) 100vw, 1024px\" \/>\t\t\t\t\t\t\t\t<\/a>\n\t\t\t\t\t\t\t\t\t\t\t\t\t<\/div>\n\t\t\t\t<\/div>\n\t\t\t\t<div class=\"elementor-element elementor-element-3516495 elementor-widget elementor-widget-text-editor\" data-id=\"3516495\" data-element_type=\"widget\" data-widget_type=\"text-editor.default\">\n\t\t\t\t<div class=\"elementor-widget-container\">\n\t\t\t\t\t\t\t<p>Ideal para apresenta\u00e7\u00f5es em Desktops e notebooks\u00a0<\/p>\t\t\t\t\t\t<\/div>\n\t\t\t\t<\/div>\n\t\t\t\t\t<\/div>\n\t\t<\/div>\n\t\t\t\t<div class=\"elementor-column elementor-col-25 elementor-top-column elementor-element elementor-element-47f4514\" data-id=\"47f4514\" data-element_type=\"column\" data-settings=\"{&quot;background_background&quot;:&quot;classic&quot;}\">\n\t\t\t<div class=\"elementor-widget-wrap elementor-element-populated\">\n\t\t\t\t\t\t<div class=\"elementor-element elementor-element-d280e94 elementor-widget elementor-widget-heading\" data-id=\"d280e94\" data-element_type=\"widget\" data-widget_type=\"heading.default\">\n\t\t\t\t<div class=\"elementor-widget-container\">\n\t\t\t<h5 class=\"elementor-heading-title elementor-size-default\"><a href=\"https:\/\/equipdiagnostica.com.br\/global\/wp-content\/uploads\/2020\/06\/z5digital_vertical_mobile.pdf\" target=\"_blank\">Apresenta\u00e7\u00e3o Equip Ion XI-921 para mobile<\/a><\/h5>\t\t<\/div>\n\t\t\t\t<\/div>\n\t\t\t\t<div class=\"elementor-element elementor-element-b3ec5a4 elementor-widget elementor-widget-image\" data-id=\"b3ec5a4\" data-element_type=\"widget\" data-widget_type=\"image.default\">\n\t\t\t\t<div class=\"elementor-widget-container\">\n\t\t\t\t\t\t\t\t\t\t\t\t\t\t<a href=\"https:\/\/equipdiagnostica.com.br\/global\/wp-content\/uploads\/2025\/01\/Folder-XI-921-ION_vertical-mobile_v2025.pdf\" target=\"_blank\">\n\t\t\t\t\t\t\t<img decoding=\"async\" width=\"1024\" height=\"683\" src=\"https:\/\/equipdiagnostica.com.br\/global\/wp-content\/uploads\/2020\/12\/mobile-1024x683.jpg\" class=\"attachment-large size-large wp-image-1054\" alt=\"\" srcset=\"https:\/\/equipdiagnostica.com.br\/global\/wp-content\/uploads\/2020\/12\/mobile-1024x683.jpg 1024w, https:\/\/equipdiagnostica.com.br\/global\/wp-content\/uploads\/2020\/12\/mobile-300x200.jpg 300w, https:\/\/equipdiagnostica.com.br\/global\/wp-content\/uploads\/2020\/12\/mobile-768x512.jpg 768w, https:\/\/equipdiagnostica.com.br\/global\/wp-content\/uploads\/2020\/12\/mobile-1536x1024.jpg 1536w, https:\/\/equipdiagnostica.com.br\/global\/wp-content\/uploads\/2020\/12\/mobile-930x620.jpg 930w, https:\/\/equipdiagnostica.com.br\/global\/wp-content\/uploads\/2020\/12\/mobile.jpg 1920w\" sizes=\"(max-width: 1024px) 100vw, 1024px\" \/>\t\t\t\t\t\t\t\t<\/a>\n\t\t\t\t\t\t\t\t\t\t\t\t\t<\/div>\n\t\t\t\t<\/div>\n\t\t\t\t<div class=\"elementor-element elementor-element-9bd6cdf elementor-widget elementor-widget-text-editor\" data-id=\"9bd6cdf\" data-element_type=\"widget\" data-widget_type=\"text-editor.default\">\n\t\t\t\t<div class=\"elementor-widget-container\">\n\t\t\t\t\t\t\t<p>Ideal para apresenta\u00e7\u00f5es em Celulares e dispositivos m\u00f3veis&nbsp;<\/p>\t\t\t\t\t\t<\/div>\n\t\t\t\t<\/div>\n\t\t\t\t\t<\/div>\n\t\t<\/div>\n\t\t\t\t<div class=\"elementor-column elementor-col-25 elementor-top-column elementor-element elementor-element-1b4c9c6\" data-id=\"1b4c9c6\" data-element_type=\"column\" data-settings=\"{&quot;background_background&quot;:&quot;classic&quot;}\">\n\t\t\t<div class=\"elementor-widget-wrap\">\n\t\t\t\t\t\t\t<\/div>\n\t\t<\/div>\n\t\t\t\t\t<\/div>\n\t\t<\/section>\n\t\t\t\t<section class=\"elementor-section elementor-top-section elementor-element elementor-element-4596cd1 elementor-section-boxed elementor-section-height-default elementor-section-height-default\" data-id=\"4596cd1\" data-element_type=\"section\" data-settings=\"{&quot;background_background&quot;:&quot;classic&quot;,&quot;jet_parallax_layout_list&quot;:[]}\">\n\t\t\t\t\t\t<div class=\"elementor-container elementor-column-gap-wide\">\n\t\t\t\t\t<div class=\"elementor-column elementor-col-25 elementor-top-column elementor-element elementor-element-2dc8169\" data-id=\"2dc8169\" data-element_type=\"column\" data-settings=\"{&quot;background_background&quot;:&quot;classic&quot;}\">\n\t\t\t<div class=\"elementor-widget-wrap elementor-element-populated\">\n\t\t\t\t\t\t<div class=\"elementor-element elementor-element-30c17eb elementor-widget elementor-widget-heading\" data-id=\"30c17eb\" data-element_type=\"widget\" data-widget_type=\"heading.default\">\n\t\t\t\t<div class=\"elementor-widget-container\">\n\t\t\t<h5 class=\"elementor-heading-title elementor-size-default\"><a href=\"https:\/\/equipdiagnostica.com.br\/global\/wp-content\/uploads\/2020\/06\/z5digital_vertical_desktop-1.pdf\" target=\"_blank\">Apresenta\u00e7\u00e3o Zybio Z5 vertical Desktop<\/a><\/h5>\t\t<\/div>\n\t\t\t\t<\/div>\n\t\t\t\t<div class=\"elementor-element elementor-element-81aec33 elementor-widget elementor-widget-image\" data-id=\"81aec33\" data-element_type=\"widget\" data-widget_type=\"image.default\">\n\t\t\t\t<div class=\"elementor-widget-container\">\n\t\t\t\t\t\t\t\t\t\t\t\t\t\t<a href=\"https:\/\/equipdiagnostica.com.br\/global\/wp-content\/uploads\/2024\/12\/folder-z5digital_vertical_desktop.pdf\" target=\"_blank\">\n\t\t\t\t\t\t\t<img decoding=\"async\" width=\"1000\" height=\"667\" src=\"https:\/\/equipdiagnostica.com.br\/global\/wp-content\/uploads\/2020\/06\/equip_z5_download-1.jpg\" class=\"attachment-large size-large wp-image-814\" alt=\"\" srcset=\"https:\/\/equipdiagnostica.com.br\/global\/wp-content\/uploads\/2020\/06\/equip_z5_download-1.jpg 1000w, https:\/\/equipdiagnostica.com.br\/global\/wp-content\/uploads\/2020\/06\/equip_z5_download-1-300x200.jpg 300w, https:\/\/equipdiagnostica.com.br\/global\/wp-content\/uploads\/2020\/06\/equip_z5_download-1-768x512.jpg 768w, https:\/\/equipdiagnostica.com.br\/global\/wp-content\/uploads\/2020\/06\/equip_z5_download-1-930x620.jpg 930w\" sizes=\"(max-width: 1000px) 100vw, 1000px\" \/>\t\t\t\t\t\t\t\t<\/a>\n\t\t\t\t\t\t\t\t\t\t\t\t\t<\/div>\n\t\t\t\t<\/div>\n\t\t\t\t<div class=\"elementor-element elementor-element-b14ace0 elementor-widget elementor-widget-text-editor\" data-id=\"b14ace0\" data-element_type=\"widget\" data-widget_type=\"text-editor.default\">\n\t\t\t\t<div class=\"elementor-widget-container\">\n\t\t\t\t\t\t\t<p>Ideal para apresenta\u00e7\u00f5es em Desktops e notebooks\u00a0<\/p>\t\t\t\t\t\t<\/div>\n\t\t\t\t<\/div>\n\t\t\t\t\t<\/div>\n\t\t<\/div>\n\t\t\t\t<div class=\"elementor-column elementor-col-25 elementor-top-column elementor-element elementor-element-e5dbee2\" data-id=\"e5dbee2\" data-element_type=\"column\" data-settings=\"{&quot;background_background&quot;:&quot;classic&quot;}\">\n\t\t\t<div class=\"elementor-widget-wrap elementor-element-populated\">\n\t\t\t\t\t\t<div class=\"elementor-element elementor-element-4ce4ad4 elementor-widget elementor-widget-heading\" data-id=\"4ce4ad4\" data-element_type=\"widget\" data-widget_type=\"heading.default\">\n\t\t\t\t<div class=\"elementor-widget-container\">\n\t\t\t<h5 class=\"elementor-heading-title elementor-size-default\"><a href=\"https:\/\/equipdiagnostica.com.br\/global\/wp-content\/uploads\/2020\/06\/z5digital_vertical_mobile.pdf\" target=\"_blank\">Apresenta\u00e7\u00e3o  Zybio Z5 vertical Mobile<span style=\"font-size: 1em; letter-spacing: 0px;\"><\/span><br><\/a><\/h5>\t\t<\/div>\n\t\t\t\t<\/div>\n\t\t\t\t<div class=\"elementor-element elementor-element-c0ddc0d elementor-widget elementor-widget-image\" data-id=\"c0ddc0d\" data-element_type=\"widget\" data-widget_type=\"image.default\">\n\t\t\t\t<div class=\"elementor-widget-container\">\n\t\t\t\t\t\t\t\t\t\t\t\t\t\t<a href=\"https:\/\/equipdiagnostica.com.br\/global\/wp-content\/uploads\/2024\/12\/folder-z5digital_vertical_mobile.pdf\" target=\"_blank\">\n\t\t\t\t\t\t\t<img loading=\"lazy\" decoding=\"async\" width=\"1000\" height=\"667\" src=\"https:\/\/equipdiagnostica.com.br\/global\/wp-content\/uploads\/2020\/06\/equip_z5_download1-2.jpg\" class=\"attachment-large size-large wp-image-827\" alt=\"\" srcset=\"https:\/\/equipdiagnostica.com.br\/global\/wp-content\/uploads\/2020\/06\/equip_z5_download1-2.jpg 1000w, https:\/\/equipdiagnostica.com.br\/global\/wp-content\/uploads\/2020\/06\/equip_z5_download1-2-300x200.jpg 300w, https:\/\/equipdiagnostica.com.br\/global\/wp-content\/uploads\/2020\/06\/equip_z5_download1-2-768x512.jpg 768w, https:\/\/equipdiagnostica.com.br\/global\/wp-content\/uploads\/2020\/06\/equip_z5_download1-2-930x620.jpg 930w\" sizes=\"(max-width: 1000px) 100vw, 1000px\" \/>\t\t\t\t\t\t\t\t<\/a>\n\t\t\t\t\t\t\t\t\t\t\t\t\t<\/div>\n\t\t\t\t<\/div>\n\t\t\t\t<div class=\"elementor-element elementor-element-148d8d3 elementor-widget elementor-widget-text-editor\" data-id=\"148d8d3\" data-element_type=\"widget\" data-widget_type=\"text-editor.default\">\n\t\t\t\t<div class=\"elementor-widget-container\">\n\t\t\t\t\t\t\t<p>Ideal para apresenta\u00e7\u00f5es em Celulares e dispositivos m\u00f3veis<\/p>\t\t\t\t\t\t<\/div>\n\t\t\t\t<\/div>\n\t\t\t\t\t<\/div>\n\t\t<\/div>\n\t\t\t\t<div class=\"elementor-column elementor-col-25 elementor-top-column elementor-element elementor-element-e1b545d\" data-id=\"e1b545d\" data-element_type=\"column\" data-settings=\"{&quot;background_background&quot;:&quot;classic&quot;}\">\n\t\t\t<div class=\"elementor-widget-wrap elementor-element-populated\">\n\t\t\t\t\t\t<div class=\"elementor-element elementor-element-497a2fc elementor-widget elementor-widget-heading\" data-id=\"497a2fc\" data-element_type=\"widget\" data-widget_type=\"heading.default\">\n\t\t\t\t<div class=\"elementor-widget-container\">\n\t\t\t<h5 class=\"elementor-heading-title elementor-size-default\"><a href=\"https:\/\/equipdiagnostica.com.br\/global\/wp-content\/uploads\/2020\/06\/z3digital_vertical_desktop.pdf\" target=\"_blank\">Apresenta\u00e7\u00e3o  Zybio Z3 vertical Desktop<span style=\"font-size: 1em; letter-spacing: 0px;\"><\/span><br><\/a><\/h5>\t\t<\/div>\n\t\t\t\t<\/div>\n\t\t\t\t<div class=\"elementor-element elementor-element-96ea5e7 elementor-widget elementor-widget-image\" data-id=\"96ea5e7\" data-element_type=\"widget\" data-widget_type=\"image.default\">\n\t\t\t\t<div class=\"elementor-widget-container\">\n\t\t\t\t\t\t\t\t\t\t\t\t\t\t<a href=\"https:\/\/equipdiagnostica.com.br\/global\/wp-content\/uploads\/2024\/12\/folder-z3digital_vertical_desktop.pdf\" target=\"_blank\">\n\t\t\t\t\t\t\t<img loading=\"lazy\" decoding=\"async\" width=\"1000\" height=\"667\" src=\"https:\/\/equipdiagnostica.com.br\/global\/wp-content\/uploads\/2020\/06\/equip_z3_download1.jpg\" class=\"attachment-large size-large wp-image-813\" alt=\"\" srcset=\"https:\/\/equipdiagnostica.com.br\/global\/wp-content\/uploads\/2020\/06\/equip_z3_download1.jpg 1000w, https:\/\/equipdiagnostica.com.br\/global\/wp-content\/uploads\/2020\/06\/equip_z3_download1-300x200.jpg 300w, https:\/\/equipdiagnostica.com.br\/global\/wp-content\/uploads\/2020\/06\/equip_z3_download1-768x512.jpg 768w, https:\/\/equipdiagnostica.com.br\/global\/wp-content\/uploads\/2020\/06\/equip_z3_download1-930x620.jpg 930w\" sizes=\"(max-width: 1000px) 100vw, 1000px\" \/>\t\t\t\t\t\t\t\t<\/a>\n\t\t\t\t\t\t\t\t\t\t\t\t\t<\/div>\n\t\t\t\t<\/div>\n\t\t\t\t<div class=\"elementor-element elementor-element-7b141b4 elementor-widget elementor-widget-text-editor\" data-id=\"7b141b4\" data-element_type=\"widget\" data-widget_type=\"text-editor.default\">\n\t\t\t\t<div class=\"elementor-widget-container\">\n\t\t\t\t\t\t\t<p>Ideal para apresenta\u00e7\u00f5es em Desktops e notebooks<\/p>\t\t\t\t\t\t<\/div>\n\t\t\t\t<\/div>\n\t\t\t\t\t<\/div>\n\t\t<\/div>\n\t\t\t\t<div class=\"elementor-column elementor-col-25 elementor-top-column elementor-element elementor-element-66651c9\" data-id=\"66651c9\" data-element_type=\"column\" data-settings=\"{&quot;background_background&quot;:&quot;classic&quot;}\">\n\t\t\t<div class=\"elementor-widget-wrap elementor-element-populated\">\n\t\t\t\t\t\t<div class=\"elementor-element elementor-element-df52cde elementor-widget elementor-widget-heading\" data-id=\"df52cde\" data-element_type=\"widget\" data-widget_type=\"heading.default\">\n\t\t\t\t<div class=\"elementor-widget-container\">\n\t\t\t<h5 class=\"elementor-heading-title elementor-size-default\"><a href=\"https:\/\/equipdiagnostica.com.br\/global\/wp-content\/uploads\/2020\/06\/z3digital_vertical_mobile-1.pdf\" target=\"_blank\">Apresenta\u00e7\u00e3o  Zybio Z3 vertical Mobile<span style=\"font-size: 1em; letter-spacing: 0px;\"><\/span><br><\/a><\/h5>\t\t<\/div>\n\t\t\t\t<\/div>\n\t\t\t\t<div class=\"elementor-element elementor-element-1c02c74 elementor-widget elementor-widget-image\" data-id=\"1c02c74\" data-element_type=\"widget\" data-widget_type=\"image.default\">\n\t\t\t\t<div class=\"elementor-widget-container\">\n\t\t\t\t\t\t\t\t\t\t\t\t\t\t<a href=\"https:\/\/equipdiagnostica.com.br\/global\/wp-content\/uploads\/2024\/12\/folder-z3digital_vertical_mobile.pdf\" target=\"_blank\">\n\t\t\t\t\t\t\t<img loading=\"lazy\" decoding=\"async\" width=\"1000\" height=\"667\" src=\"https:\/\/equipdiagnostica.com.br\/global\/wp-content\/uploads\/2020\/06\/equip_z3_download-2.jpg\" class=\"attachment-large size-large wp-image-828\" alt=\"\" srcset=\"https:\/\/equipdiagnostica.com.br\/global\/wp-content\/uploads\/2020\/06\/equip_z3_download-2.jpg 1000w, https:\/\/equipdiagnostica.com.br\/global\/wp-content\/uploads\/2020\/06\/equip_z3_download-2-300x200.jpg 300w, https:\/\/equipdiagnostica.com.br\/global\/wp-content\/uploads\/2020\/06\/equip_z3_download-2-768x512.jpg 768w, https:\/\/equipdiagnostica.com.br\/global\/wp-content\/uploads\/2020\/06\/equip_z3_download-2-930x620.jpg 930w\" sizes=\"(max-width: 1000px) 100vw, 1000px\" \/>\t\t\t\t\t\t\t\t<\/a>\n\t\t\t\t\t\t\t\t\t\t\t\t\t<\/div>\n\t\t\t\t<\/div>\n\t\t\t\t<div class=\"elementor-element elementor-element-823f3e8 elementor-widget elementor-widget-text-editor\" data-id=\"823f3e8\" data-element_type=\"widget\" data-widget_type=\"text-editor.default\">\n\t\t\t\t<div class=\"elementor-widget-container\">\n\t\t\t\t\t\t\t<p>Ideal para apresenta\u00e7\u00f5es em Celulares e dispositivos m\u00f3veis<\/p>\t\t\t\t\t\t<\/div>\n\t\t\t\t<\/div>\n\t\t\t\t\t<\/div>\n\t\t<\/div>\n\t\t\t\t\t<\/div>\n\t\t<\/section>\n\t\t\t\t<\/div>\n\t\t","protected":false},"excerpt":{"rendered":"<p>Downloads Downloads de apresenta\u00e7\u00f5es de Equipamentos Apresenta\u00e7\u00e3o Equip Ion XI-921 para Desktop Ideal para apresenta\u00e7\u00f5es em Desktops e notebooks\u00a0 Apresenta\u00e7\u00e3o Equip Ion XI-921 para mobile Ideal para apresenta\u00e7\u00f5es em Celulares e dispositivos m\u00f3veis&nbsp; Apresenta\u00e7\u00e3o Zybio Z5 vertical Desktop Ideal para apresenta\u00e7\u00f5es em Desktops e notebooks\u00a0 Apresenta\u00e7\u00e3o Zybio Z5 vertical Mobile Ideal para apresenta\u00e7\u00f5es em Celulares&hellip;&nbsp;<a href=\"https:\/\/equipdiagnostica.com.br\/global\/download\/\" class=\"\" rel=\"bookmark\">Continue a ler &raquo;<span class=\"screen-reader-text\">Download<\/span><\/a><\/p>\n","protected":false},"author":1,"featured_media":0,"parent":0,"menu_order":0,"comment_status":"closed","ping_status":"closed","template":"elementor_header_footer","meta":{"footnotes":""},"class_list":["post-445","page","type-page","status-publish","hentry"],"_links":{"self":[{"href":"https:\/\/equipdiagnostica.com.br\/global\/wp-json\/wp\/v2\/pages\/445","targetHints":{"allow":["GET"]}}],"collection":[{"href":"https:\/\/equipdiagnostica.com.br\/global\/wp-json\/wp\/v2\/pages"}],"about":[{"href":"https:\/\/equipdiagnostica.com.br\/global\/wp-json\/wp\/v2\/types\/page"}],"author":[{"embeddable":true,"href":"https:\/\/equipdiagnostica.com.br\/global\/wp-json\/wp\/v2\/users\/1"}],"replies":[{"embeddable":true,"href":"https:\/\/equipdiagnostica.com.br\/global\/wp-json\/wp\/v2\/comments?post=445"}],"version-history":[{"count":51,"href":"https:\/\/equipdiagnostica.com.br\/global\/wp-json\/wp\/v2\/pages\/445\/revisions"}],"predecessor-version":[{"id":4347,"href":"https:\/\/equipdiagnostica.com.br\/global\/wp-json\/wp\/v2\/pages\/445\/revisions\/4347"}],"wp:attachment":[{"href":"https:\/\/equipdiagnostica.com.br\/global\/wp-json\/wp\/v2\/media?parent=445"}],"curies":[{"name":"wp","href":"https:\/\/api.w.org\/{rel}","templated":true}]}}